{"id":115,"date":"2019-01-07T11:56:21","date_gmt":"2019-01-07T10:56:21","guid":{"rendered":"http:\/\/bb40.lebasket.net\/?page_id=115"},"modified":"2019-05-02T15:27:09","modified_gmt":"2019-05-02T13:27:09","slug":"historique","status":"publish","type":"page","link":"https:\/\/www.landesbasketball.org\/index.php\/comite\/historique\/","title":{"rendered":"L&rsquo;acad\u00e9mie du basket landais"},"content":{"rendered":"\n<h2 class=\"wp-block-heading\"><strong>L\u2019acad\u00e9mie du basket landais<\/strong><\/h2>\n\n\n\n<h4 class=\"wp-block-heading\"><strong>PRESIDENTE : Claudine LATRUBESSE<\/strong><\/h4>\n\n\n\n<h4 class=\"wp-block-heading\"><strong>1<\/strong><sup><strong>\u00e8re<\/strong><\/sup><strong>&nbsp;promotion Janvier 2015<\/strong><\/h4>\n\n\n\n<p><strong>Bernard Campet<\/strong>&nbsp;:&nbsp;ancien membre du comit\u00e9 des Landes dont il fut le pr\u00e9sident de la commission des statuts r\u00e8glements et discipline. Natif de Nassiet, il \u00e9volua dans son club durant une grande partie de sa carri\u00e8re de joueur avec une escapade \u00e0 L\u2019Elan B\u00e9arnais d\u2019Orthez. Il embrassa ensuite une carri\u00e8re d\u2019arbitre, officiant au niveau r\u00e9gional. Il termina enfin par la pr\u00e9sidence avant de mettre un terme \u00e0 ses activit\u00e9s basket.<\/p>\n\n\n\n<p><strong>M\u00e9daille d\u2019or de la f\u00e9d\u00e9ration fran\u00e7aise de basket.<\/strong><\/p>\n\n\n\n<p><strong>Francette Candau<\/strong><strong>&nbsp;:&nbsp;<\/strong>joueuse embl\u00e9matique de Clermont jusqu\u2019au niveau national, elle occupa \u00e0 peu pr\u00e8s tous les postes possibles dans un club de basket. Elue au comit\u00e9 des Landes, elle poursuivit sa carri\u00e8re en devenant arbitre au niveau national. Elle quitta son club d\u2019origine pour rejoindre l\u2019USDax et continuer ses fonctions de dirigeante.<\/p>\n\n\n\n<p><strong>M\u00e9daille d\u2019or de la f\u00e9d\u00e9ration fran\u00e7aise de basket.<\/strong><\/p>\n\n\n\n<p><strong>Christiane Carr\u00e8re<\/strong><strong>&nbsp;:<\/strong>premi\u00e8re joueuse internationale landaise (en 1966), licenci\u00e9e au Stade Montois durant toute sa carri\u00e8re. Sous la direction de Jacques Dorgambide, elle a connu le plus haut niveau national et la coupe d\u2019Europe Ronchetti.<\/p>\n\n\n\n<p><strong>M\u00e9daille d\u2019or de la f\u00e9d\u00e9ration fran\u00e7aise de basket.<\/strong><\/p>\n\n\n\n<p><strong>Pierre Destaillats<\/strong><strong>&nbsp;:<\/strong>licenci\u00e9 au Stade Montois de 1947 \u00e0 1962 puis de 1986 \u00e0 2004, avec une interruption due \u00e0 une mutation militaire. Elu au comit\u00e9 des Landes dont il fut le secr\u00e9taire adjoint puis le tr\u00e9sorier, jeune retrait\u00e9 il donna beaucoup de son temps pour la bonne marche du secr\u00e9tariat du comit\u00e9.<\/p>\n\n\n\n<p><strong>Il fut durant 11 ans membre de la commission des finances de la f\u00e9d\u00e9ration.<\/strong><\/p>\n\n\n\n<p><strong>M\u00e9daille d&rsquo;or de la f\u00e9d\u00e9ration fran\u00e7aise de basket.<\/strong><\/p>\n\n\n\n<p><strong>Jacques Duluc<\/strong><strong>&nbsp;:<\/strong>licenci\u00e9 au Stade Montois F\u00e9minin, club au sein du quel il entra\u00eena de nombreuses \u00e9quipes de jeunes. Elu au comit\u00e9 des Landes il fut responsable de la commission des arbitres puis, durant de nombreuses ann\u00e9es, pr\u00e9sident de la commission des salles et terrains. Fonction qu\u2019il occupa \u00e9galement \u00e0 la ligue d\u2019Aquitaine. Il fut \u00e9galement arbitre au niveau national.<\/p>\n\n\n\n<p><strong>M\u00e9daille d&rsquo;or de la f\u00e9d\u00e9ration fran\u00e7aise de basket.<\/strong><\/p>\n\n\n\n<p><strong>Dominique Lafargue<\/strong><strong>&nbsp;:<\/strong>Licenci\u00e9 \u00e0 Eyres Moncube il fut l\u2019entra\u00eeneur qui conduisit une \u00e9quipe de jeunes filles talentueuses du plus bas niveau d\u00e9partemental au plus haut niveau national. Elu au comit\u00e9 des Landes, il fut tr\u00e8s longtemps vice-pr\u00e9sident et pr\u00e9sident de la commission technique.<\/p>\n\n\n\n<p><strong>M\u00e9daille d\u2019or de la f\u00e9d\u00e9ration fran\u00e7aise de basket.<\/strong><\/p>\n\n\n\n<h4 class=\"wp-block-heading\"><strong>2<\/strong><sup><strong>\u00e8me<\/strong><\/sup><strong>&nbsp;promotion Juin 2015<\/strong><\/h4>\n\n\n\n<p><strong>Janine Bern\u00e8de<\/strong>&nbsp;:&nbsp;d\u00e9bute sa carri\u00e8re de joueuse aux Coquelicots de Saint Paul l\u00e8s Dax, puis joue \u00e0 l\u2019USDAX et enfin \u00e0 L\u2019ASPTT de Dax. Elue au comit\u00e9 des Landes en 1964 o\u00f9 elle rejoint son \u00e9poux Guy, arbitre et pr\u00e9sident de la commission des officiels. Elle prend avec lui une part active \u00e0 la d\u00e9signation des arbitres.<\/p>\n\n\n\n<p><strong>Marc Darrin\u00e9&nbsp;:<\/strong>enseignant \u00e0 Clermont, il cr\u00e9e l\u2019US Clermontoise avant de rejoindre Vieux Boucau (mutation professionnelle) o\u00f9 il dirige les premiers dribbles des fr\u00e8res Gadou. Il sera pr\u00e9sident de ce nouveau club durant 30 ans tout en \u00e9tant entra\u00eeneur, arbitre, manager\u2026Elu au comit\u00e9 des Landes de 1967 \u00e0 1976 il fut pr\u00e9sident de la commission technique et du mini basket.<\/p>\n\n\n\n<p><strong>M\u00e9daille d\u2019or de la f\u00e9d\u00e9ration fran\u00e7aise de basket.<\/strong><\/p>\n\n\n\n<p><strong>Dany Dufau<\/strong>&nbsp;:&nbsp;licenci\u00e9e au Stade Montois f\u00e9minin depuis 1966, a jou\u00e9 en f\u00e9d\u00e9rale puis en nationale 2 et en nationale 1 (plus haut niveau \u00e0 l\u2019\u00e9poque). Quart de finaliste de la coupe d\u2019Europe Ronchetti en 1976, 10 fois vainqueur de la coupe Boussard (devenue coupe C Carr\u00e8re). Capitaine de l\u2019\u00e9quipe de 1973 \u00e0 la fin de sa carri\u00e8re en 1987. Titulaire du BE1, entra\u00eeneur de l\u2019\u00e9quipe de 1980 \u00e0 1983.<\/p>\n\n\n\n<p><strong>Membre de la commission technique du comit\u00e9 des landes.<\/strong><\/p>\n\n\n\n<p><strong>Didier Gadou<\/strong>&nbsp;:&nbsp;le plus beau palmar\u00e8s sportif landais. Apr\u00e8s ses d\u00e9buts \u00e0 Vieux Boucau rejoint l\u2019Elan B\u00e9arnais en 1982, club dont il portera le num\u00e9ro 10 jusqu\u2019en 2002, ann\u00e9e de l\u2019arr\u00eat de sa carri\u00e8re de joueur.<\/p>\n\n\n\n<p>Vainqueur de la coupe Korac en 1984, meilleur espoir national en 1987, champion de France \u00e0 7 reprises, vainqueur du tournoi des as \u00e0 3 reprises, de la coupe de France en 2002, champion de France comme entra\u00eeneur de l\u2019\u00e9quipe en 2004.<\/p>\n\n\n\n<p><strong>69 fois s\u00e9lectionn\u00e9 en \u00e9quipe de France.<\/strong><\/p>\n\n\n\n<p>Actuellement directeur g\u00e9n\u00e9ral de l\u2019Elan B\u00e9arnais Pau Lacq Orthez.<\/p>\n\n\n\n<h4 class=\"wp-block-heading\"><strong>3<\/strong><sup><strong>\u00e8me<\/strong><\/sup><strong>&nbsp;promotion Juin 2016<\/strong><\/h4>\n\n\n\n<p><strong>Jean Dessis<\/strong><strong>&nbsp;:<\/strong>un des grands serviteurs du basket landais qui d\u00e9buta sa carri\u00e8re de dirigeant \u00e0 son retour d\u2019Alg\u00e9rie (en 1956) en prenant, en m\u00eame temps que son poste d\u2019instituteur, la direction de l\u2019amicale la\u00efque de Doazit (ALUS). Ce club gravira tous les \u00e9chelons jusqu\u2019en N3 en 1976, ann\u00e9e de l\u2019arr\u00eat de sa fonction de pr\u00e9sident.<\/p>\n\n\n\n<p>Membre du comit\u00e9 des Landes de 1961 \u00e0 1996, il fut vice pr\u00e9sident \u00e0 partir de 1979, pr\u00e9sident de la commission mini basket, charg\u00e9 du panier d\u2019or et de l\u2019op\u00e9ration basket \u00e9cole.<\/p>\n\n\n\n<p><strong>M\u00e9daille d\u2019or de la f\u00e9d\u00e9ration fran\u00e7aise de basket<\/strong><\/p>\n\n\n\n<p><strong>Marie-Pierre Duhau<\/strong>&nbsp;:&nbsp;a d\u00e9but\u00e9 sa carri\u00e8re de basketteuse \u00e0 Misson o\u00f9 elle \u00e9volue durant 11 ans avant d\u2019\u00eatre rep\u00e9r\u00e9e par les techniciens du club de Mirande. De 1989 \u00e0 1994 elle porta les couleurs du club gersois avant de revenir dans ses Landes natales, \u00e0 Eyres Moncube. Apr\u00e8s un interm\u00e8de au Stade Montois puis \u00e0 l\u2019ASPTT de Dax, elle retourne \u00e0 Eyres o\u00f9 elle participe grandement \u00e0 l\u2019essor de ce club, essor qui le conduira \u00e0 son meilleur niveau actuel sous l\u2019appellation \u00ab&nbsp;Basket Landes&nbsp;\u00bb. Elle d\u00e9cide de mettre un terme \u00e0 sa carri\u00e8re en 2007, terminant ainsi une belle aventure sportive et humaine apr\u00e8s 18 saisons cons\u00e9cutives en Nationale.<\/p>\n\n\n\n<p>Elle obtint au passage le Brevet d\u2019\u00e9tat 1<sup>er<\/sup>&nbsp;degr\u00e9<\/p>\n\n\n\n<p><strong>Guy Lesburgu\u00e8res<\/strong>&nbsp;:&nbsp;pratiquant le basket \u00e0 Mazerolles de 1961 \u00e0 1971, il d\u00e9cide de devenir arbitre quand son club fusionne avec la Stade Montois.<\/p>\n\n\n\n<p>Elu au comit\u00e9 des Landes de 1972 \u00e0 1988, il fut tr\u00e9sorier adjoint puis pr\u00e9sident de la commission des arbitres durant 10 ans. Parall\u00e8lement, il gravit les \u00e9chelons dans sa carri\u00e8re d\u2019arbitre pour atteindre le niveau f\u00e9d\u00e9ral.<\/p>\n\n\n\n<p>Il fut aussi pr\u00e9sident de la commission LBM avant de devenir le g\u00e9rant responsable de la revue.<\/p>\n\n\n\n<p><strong>M\u00e9daille d&rsquo;or de la f\u00e9d\u00e9ration fran\u00e7aise de basket.<\/strong><\/p>\n\n\n\n<p><strong>Dany Michel<\/strong>&nbsp;:&nbsp;apr\u00e8s ses d\u00e9buts de basketteuse \u00e0 Castets, elle joue \u00e0 Pyr\u00e9n\u00e9a Pau durant ses \u00e9tudes puis revient dans les Landes et choisit l\u2019US Dax. De 25 \u00e0 40 ans elle \u00e9volue au poste de meneuse de jeu au sein des \u00e9quipes dacquoises et devient aussi pr\u00e9sidente de la section de 1981 \u00e0 1987. Elle fut aussi entra\u00eeneur d\u2019\u00e9quipes de jeunes.<\/p>\n\n\n\n<p>Elue au comit\u00e9 des Landes de 1978 \u00e0 1990, elle en fut la vice pr\u00e9sidente d\u00e8s 1979.<\/p>\n\n\n\n<p>M\u00e9daille d&rsquo;argent de la f\u00e9d\u00e9ration fran\u00e7aise de basket.<\/p>\n\n\n\n<h4 class=\"wp-block-heading\"><strong>4<sup>\u00e8me<\/sup>&nbsp;promotion Juin 2017:<\/strong><\/h4>\n\n\n\n<p><strong>Jacky Darracq<\/strong>:&nbsp;55 ans de pr\u00e9sidence de la section basket de l\u2019Etoile amolloise. Une vie au service du basket qu\u2019il a pratiqu\u00e9 depuis sa plus tendre jeunesse. Il a eu la joie de voir \u00e9voluer son \u00e9quipe fanion de l\u2019Etoile en championnat de France durant de nombreuses ann\u00e9es, et ce sont les filles qui poursuivent aujourd\u2019hui \u00e0 ce niveau.&nbsp;&nbsp;<\/p>\n\n\n\n<p><strong>M\u00e9daille d\u2019or de la f\u00e9d\u00e9ration fran\u00e7aise de basket-ball.\u00a0\u00a0\u00a0\u00a0\u00a0\u00a0\u00a0\u00a0\u00a0\u00a0\u00a0\u00a0\u00a0\u00a0\u00a0<\/strong><\/p>\n\n\n\n<p><strong>Nathalie Mora\u00a0<\/strong>: joueuse de 9 \u00e0 44 ans, Nathalie a aussi occup\u00e9 \u00e0 peu pr\u00e8s tous les postes possibles comme b\u00e9n\u00e9vole. Secr\u00e9taire, pr\u00e9sidente, entra\u00eeneur, initiateur basket dans les \u00e9coles et aussi membre du Comit\u00e9 des Landes durant 4 ans. <\/p>\n\n\n\n<p><strong>Maryline Rousseau<\/strong>&nbsp;: de Wa\u00efti Bordeaux \u00e0 Saint-Loubouer, Maryline a beaucoup donn\u00e9 comme joueuse (s\u00e9lectionn\u00e9e en \u00e9quipe de France junior puis joueuse en N2 et N3) mais aussi comme entra\u00eeneur jeunes et seniors et m\u00eame comme arbitre. Elue au comit\u00e9 des Landes en 2000 et titulaire du BE1.<\/p>\n\n\n\n<p><strong>Alain Vivelesp\u00e9rance<\/strong>&nbsp;: joueur \u00e0 Bastennes de 17 \u00e0 35 ans, Alain fut aussi le pr\u00e9sident du club durant 20 ans puis entra\u00eeneur de l\u2019\u00e9quipe fanion. Parall\u00e8lement \u00e0 cela il fut arbitre de 28 \u00e0 65 ans, un investissement exemplaire\u2026mais ce n\u2019est pas tout. Alain fut aussi \u00e9lu au comit\u00e9 durant 5 mandats et \u00e0 la ligue d\u2019Aquitaine durant4. Membre de la commission des arbitres il assura la d\u00e9signation des officiels pendant 10 ans.<\/p>\n\n\n\n<p><strong>M\u00e9daille d\u2019argent de la f\u00e9d\u00e9ration fran\u00e7aise de basket-ball.<\/strong><\/p>\n","protected":false},"excerpt":{"rendered":"<p>L\u2019acad\u00e9mie du basket landais PRESIDENTE : Claudine LATRUBESSE 1\u00e8re&nbsp;promotion Janvier 2015 Bernard Campet&nbsp;:&nbsp;ancien membre du comit\u00e9 des Landes dont il fut le pr\u00e9sident de la commission des statuts r\u00e8glements et discipline. Natif de Nassiet, il \u00e9volua dans son club durant une grande partie de sa carri\u00e8re de joueur avec une escapade \u00e0 L\u2019Elan B\u00e9arnais d\u2019Orthez.<a class=\"moretag\" href=\"https:\/\/www.landesbasketball.org\/index.php\/comite\/historique\/\"><span class=\"screen-reader-text\">En savoir plus surL&rsquo;acad\u00e9mie du basket landais<\/span>[&#8230;]<\/a><\/p>\n","protected":false},"author":1,"featured_media":0,"parent":13,"menu_order":0,"comment_status":"closed","ping_status":"closed","template":"","meta":{"footnotes":""},"class_list":["post-115","page","type-page","status-publish","hentry"],"_links":{"self":[{"href":"https:\/\/www.landesbasketball.org\/index.php\/wp-json\/wp\/v2\/pages\/115","targetHints":{"allow":["GET"]}}],"collection":[{"href":"https:\/\/www.landesbasketball.org\/index.php\/wp-json\/wp\/v2\/pages"}],"about":[{"href":"https:\/\/www.landesbasketball.org\/index.php\/wp-json\/wp\/v2\/types\/page"}],"author":[{"embeddable":true,"href":"https:\/\/www.landesbasketball.org\/index.php\/wp-json\/wp\/v2\/users\/1"}],"replies":[{"embeddable":true,"href":"https:\/\/www.landesbasketball.org\/index.php\/wp-json\/wp\/v2\/comments?post=115"}],"version-history":[{"count":4,"href":"https:\/\/www.landesbasketball.org\/index.php\/wp-json\/wp\/v2\/pages\/115\/revisions"}],"predecessor-version":[{"id":732,"href":"https:\/\/www.landesbasketball.org\/index.php\/wp-json\/wp\/v2\/pages\/115\/revisions\/732"}],"up":[{"embeddable":true,"href":"https:\/\/www.landesbasketball.org\/index.php\/wp-json\/wp\/v2\/pages\/13"}],"wp:attachment":[{"href":"https:\/\/www.landesbasketball.org\/index.php\/wp-json\/wp\/v2\/media?parent=115"}],"curies":[{"name":"wp","href":"https:\/\/api.w.org\/{rel}","templated":true}]}}